en 421250 is divided by 24708?
1214
Calculate the remainder when 8529086 is divided by 4264376.
334
What is the remainder when 13297 is divided by 3254?
281
What is the remainder when 1582292 is divided by 51030?
362
What is the remainder when 125725 is divided by 3916?
413
Calculate the remainder when 261293 is divided by 1420.
13
What is the remainder when 47228658 is divided by 5373?
5361
What is the remainder when 648924 is divided by 1794?
1290
What is the remainder when 76594307 is divided by 14?
13
What is the remainder when 44757 is divided by 11129?
241
What is the remainder when 1094220 is divided by 364720?
60
What is the remainder when 57302 is divided by 3246?
2120
What is the remainder when 6455 is divided by 3940?
2515
Calculate the remainder when 30169883 is divided by 15084937.
9
Calculate the remainder when 499468 is divided by 1729.
1516
What is the remainder when 7502217 is divided by 1151?
1150
What is the remainder when 2083156 is divided by 815?
16
Calculate the remainder when 6753501 is divided by 100796.
169
What is the remainder when 4350332 is divided by 150010?
42
What is the remainder when 34623 is divided by 118?
49
Calculate the remainder when 90615 is divided by 11270.
455
What is the remainder when 193839 is divided by 38549?
1094
Calculate the remainder when 5382195 is divided by 4875.
195
What is the remainder when 897652 is divided by 1214?
506
Calculate the remainder when 471794 is divided by 234775.
2244
What is the remainder when 1936070 is divided by 645352?
14
Calculate the remainder when 313480 is divided by 4541.
151
What is the remainder when 18397888 is divided by 1590?
1588
Calculate the remainder when 25164 is divided by 317.
121
What is the remainder when 35816 is divided by 5465?
3026
Calculate the remainder when 63789379 is divided by 35.
24
What is the remainder when 65975 is divided by 35?
0
Calculate the remainder when 1553210 is divided by 428.
426
Calculate the remainder when 153941 is divided by 6177.
5693
What is the remainder when 197471007 is divided by 33?
30
What is the remainder when 20210115 is divided by 5052526?
11
Calculate the remainder when 150026 is divided by 47394.
7844
What is the remainder when 299730 is divided by 8535?
1005
What is the remainder when 259889 is divided by 893?
26
What is the remainder when 172874 is divided by 404?
366
What is the remainder when 5032915 is divided by 1258224?
19
Calculate the remainder when 8596013 is divided by 885.
8
What is the remainder when 11846015 is divided by 586?
25
What is the remainder when 23660370 is divided by 7886787?
9
Calculate the remainder when 214264 is divided by 755.
599
Calculate the remainder when 787517 is divided by 27137.
544
Calculate the remainder when 2046090 is divided by 32.
10
Calculate the remainder when 188969 is divided by 37781.
64
Calculate the remainder when 7496 is divided by 1562.
1248
Calculate the remainder when 3310511 is divided by 71.
65
Calculate the remainder when 35168547 is divided by 150.
147
What is the remainder when 1576393 is divided by 400?
393
Calculate the remainder when 1305019 is divided by 219.
217
Calculate the remainder when 275366 is divided by 670.
666
What is the remainder when 1825572 is divided by 912389?
794
What is the remainder when 24220311 is divided by 931548?
63
Calculate the remainder when 17215 is divided by 2864.
31
What is the remainder when 62128 is divided by 4051?
1363
What is the remainder when 36280532 is divided by 1017?
74
Calculate the remainder when 578176 is divided by 3342.
10
Calculate the remainder when 66241018 is divided by 535.
528
What is the remainder when 1286859 is divided by 53582?
891
What is the remainder when 1273444 is divided by 318294?
268
Calculate the remainder when 201204 is divided by 378.
108
What is the remainder when 295324277 is divided by 10?
7
What is the remainder when 252140 is divided by 50242?
930
What is the remainder when 1369168 is divided by 9?
7
What is the remainder when 137216 is divided by 3230?
1556
What is the remainder when 1265564 is divided by 11058?
4952
What is the remainder when 8200949 is divided by 479?
469
What is the remainder when 116354 is divided by 796?
138
What is the remainder when 3509679 is divided by 20?
19
What is the remainder when 192034 is divided by 399?
115
Calculate the remainder when 116829069 is divided by 193.
186
What is the remainder when 22200610 is divided by 2775074?
18
What is the remainder when 2304916 is divided by 192073?
40
What is the remainder when 12585329 is divided by 153?
8
Calculate the remainder when 695527 is divided by 21.
7
What is the remainder when 3723051 is divided by 97975?
1
Calculate the remainder when 2036372 is divided by 1018060.
252
What is the remainder when 8680478 is divided by 11288?
6
What is the remainder when 332510 is divided by 5195?
30
What is the remainder when 233657 is divided by 2715?
167
What is the remainder when 3090170 is divided by 618034?
0
What is the remainder when 12076392 is divided by 193?
189
What is the remainder when 671035 is divided by 167?
29
Calculate the remainder when 2491478 is divided by 1245730.
18
What is the remainder when 3107 is divided by 3062?
45
Calculate the remainder when 412515 is divided by 31700.
415
Calculate the remainder when 19321998 is divided by 32.
14
Calculate the remainder when 1128389 is divided by 530.
19
What is the remainder when 13425043 is divided by 2669?
2642
Calculate the remainder when 73999 is divided by 17745.
3019
What is the remainder when 1398795 is divided by 124?
75
Calculate the remainder when 23486674 is divided by 37.
36
What is the remainder when 41517 is divided by 7633?
3352
What is the remainder when 3650761 is divided by 2?
1
Calculate the remainder when 1589381461 is divided by 2299.
2296
Calculate the remainder when 552895 is divided by 2895.
2845
Calculate the remainder when 441788784 is divided by 110447193.
12
What is the remainder when 6263370 is divided by 894645?
855
Calculate the remainder when 2046206 is divided by 1099.
967
Calculate the remainder when 3377359 is divided by 1732.
1691
Calculate the remainder when 44771 is divided by 451.
122
Calculate the remainder when 316874 is divided by 314205.
2669
Calculate the remainder when 163695 is divided by 1145.
1105
Calculate the remainder when 3023088 is divided by 2117.
12
Calculate the remainder when 175839 is divided by 362.
269
Calculate the remainder when 1721241 is divided by 661.
658
What is the remainder when 7985481 is divided by 399274?
1
What is the remainder when 8596401 is divided by 90?
51
Calculate the remainder when 11554 is divided by 11349.
205
What is the remainder when 6824828 is divided by 6029?
0
What is the remainder when 358847 is divided by 358819?
28
What is the remainder when 67030 is divided by 68?
50
What is the remainder when 180302 is divided by 2689?
139
Calculate the remainder when 236698 is divided by 114.
34
What is the remainder when 1287907 is divided by 32?
3
Calculate the remainder when 2299402222 is divided by 392.
390
What is the remainder when 9179463 is divided by 2364?
51
What is the remainder when 1185670 is divided by 8?
6
Calculate the remainder when 180242 is divided by 193.
173
Calculate the remainder when 776341 is divided by 258766.
43
Calculate the remainder when 1099697 is divided by 4620.
137
Calculate the remainder when 619159 is divided by 4362.
4117
What is the remainder when 3666617 is divided by 42631?
351
What is the remainder when 184044 is divided by 2604?
1764
Calculate the remainder when 1665776 is divided by 4113.
11
What is the remainder when 765965 is divided by 2201?
17
Calculate the remainder when 1342776 is divided by 11989.
8
What is the remainder when 239994 is divided by 47994?
24
What is the remainder when 152698 is divided by 16964?
22
What is the remainder when 12796107 is divided by 52?
51
What is the remainder when 627790 is divided by 1804?
1802
Calculate the remainder when 418101 is divided by 139337.
90
What is the remainder when 115072697 is divided by 78?
77
Calculate the remainder when 4234571 is divided by 2117277.
17
What is the remainder when 365445 is divided by 183?
177
Calculate the remainder when 612842 is divided 